{"id":111,"date":"2025-11-12T07:44:18","date_gmt":"2025-11-12T07:44:18","guid":{"rendered":"https:\/\/laldanismanlik.com\/?page_id=111"},"modified":"2025-11-14T10:57:11","modified_gmt":"2025-11-14T10:57:11","slug":"hakkimizda","status":"publish","type":"page","link":"https:\/\/laldanismanlik.com\/?page_id=111","title":{"rendered":"Hakk\u0131m\u0131zda"},"content":{"rendered":"\n<figure class=\"wp-block-image size-full is-resized\"><img fetchpriority=\"high\" decoding=\"async\" width=\"2560\" height=\"625\" src=\"https:\/\/laldanismanlik.com\/wp-content\/uploads\/2025\/11\/HAKKIMIZDA-scaled.png\" alt=\"\" class=\"wp-image-113\" style=\"width:1200px;height:auto\" srcset=\"https:\/\/laldanismanlik.com\/wp-content\/uploads\/2025\/11\/HAKKIMIZDA-scaled.png 2560w, https:\/\/laldanismanlik.com\/wp-content\/uploads\/2025\/11\/HAKKIMIZDA-300x73.png 300w, https:\/\/laldanismanlik.com\/wp-content\/uploads\/2025\/11\/HAKKIMIZDA-1024x250.png 1024w, https:\/\/laldanismanlik.com\/wp-content\/uploads\/2025\/11\/HAKKIMIZDA-768x188.png 768w, https:\/\/laldanismanlik.com\/wp-content\/uploads\/2025\/11\/HAKKIMIZDA-1536x375.png 1536w, https:\/\/laldanismanlik.com\/wp-content\/uploads\/2025\/11\/HAKKIMIZDA-2048x500.png 2048w\" sizes=\"(max-width: 2560px) 100vw, 2560px\" \/><\/figure>\n\n\n\n<p class=MsoNormal style='margin-left:10.0pt'>\r\n<b><span style='font-size:14.0pt;mso-bidi-font-size:12.0pt;font-family:Tahoma;color:white'>\r\n<marquee scrolldelay=\"66\" scrollamount=\"12\" width=\"1150\" height=\"26\" msambientcpg=\"1254\" W\u0130DTH=300 HE\u0130GHT=26\r\nmsambientcpg=1254 W\u0130DTH=300 HE\u0130GHT=26 msambientcpg=1254 W\u0130DTH=300 HE\u0130GHT=26\r\nmsambientcpg=1254 HE\u0130GHT=26 W\u0130DTH=300>LAL \u0130HRACAT \u0130THALAT DI\u015e T\u0130CARET DANI\u015eMANLIK L\u0130M\u0130TED \u015e\u0130RKET\u0130<\/marquee><\/span><\/b><span\r\nstyle=\"mso-spacerun: yes\"> <\/span><\/p>\r\n<!--yatay yaz\u0131 aplet Sonu-->\n\n\n<p style=\"text-align: center;\">2018 y\u0131l\u0131nda Fatma LAL taraf\u0131ndan kurulan <strong>LAL \u0130hracat \u0130thalat D\u0131\u015f Ticaret Dan\u0131\u015fmanl\u0131k Ltd. \u015eti.<\/strong>, k\u00fc\u00e7\u00fck ve orta \u00f6l\u00e7ekli i\u015fletmelerin dijital d\u00f6n\u00fc\u015f\u00fcm s\u00fcre\u00e7lerinde rehberlik etmek amac\u0131yla yola \u00e7\u0131km\u0131\u015ft\u0131r.<br \/>Kuruldu\u011fumuz g\u00fcnden bu yana, i\u015fletmelerin yerel ve uluslararas\u0131 pazarlarda s\u00fcrd\u00fcr\u00fclebilir b\u00fcy\u00fcme sa\u011flamalar\u0131na yard\u0131mc\u0131 olmay\u0131 misyon edindik.<\/p>\n<p style=\"text-align: center;\">8 y\u0131l\u0131 a\u015fk\u0131n tecr\u00fcbemizle; ihracat, ithalat ve d\u0131\u015f ticaret alanlar\u0131nda stratejik dan\u0131\u015fmanl\u0131k, s\u00fcre\u00e7 y\u00f6netimi ve dijital entegrasyon \u00e7\u00f6z\u00fcmleri sunuyoruz. M\u00fc\u015fterilerimizin her biri i\u00e7in \u00f6zel olarak tasarlanm\u0131\u015f, \u00f6l\u00e7\u00fclebilir ve sonu\u00e7 odakl\u0131 stratejiler geli\u015ftiriyoruz.<\/p>\n<p style=\"text-align: center;\">LAL Dan\u0131\u015fmanl\u0131k olarak yaln\u0131zca bir hizmet sa\u011flay\u0131c\u0131 de\u011fil, i\u015fletmelerin b\u00fcy\u00fcme yolculu\u011funda g\u00fcvenilir bir i\u015f orta\u011f\u0131 olmay\u0131 hedefliyoruz. Yenilik\u00e7i yakla\u015f\u0131m\u0131m\u0131z ve sekt\u00f6rel uzmanl\u0131\u011f\u0131m\u0131zla, i\u015f d\u00fcnyas\u0131n\u0131n de\u011fi\u015fen dinamiklerine h\u0131zl\u0131 ve etkin \u00e7\u00f6z\u00fcmler \u00fcretiyoruz.<\/p>\n<p style=\"text-align: center;\">Misyonumuz<\/p>\n<p style=\"text-align: center;\">M\u00fc\u015fterilerimizin b\u00fcy\u00fcme hedeflerine ula\u015fmalar\u0131 i\u00e7in yenilik\u00e7i, \u00f6l\u00e7\u00fclebilir ve g\u00fcvenilir \u00e7\u00f6z\u00fcmler \u00fcretmek; her ad\u0131mda onlara ba\u015far\u0131ya giden yolda destek olmakt\u0131r.<\/p>\n<p style=\"text-align: center;\">Vizyonumuz<\/p>\n<p style=\"text-align: center;\">T\u00fcrkiye\u2019nin ve b\u00f6lgenin en g\u00fcvenilir, en yenilik\u00e7i ve en etkili dan\u0131\u015fmanl\u0131k markalar\u0131ndan biri haline gelerek, uluslararas\u0131 standartlarda hizmet anlay\u0131\u015f\u0131yla fark yaratmak.<\/p>\n<p style=\"text-align: center;\">De\u011ferlerimiz<\/p>\n<p style=\"text-align: center;\">T\u00fcm faaliyetlerimizde \u015fu temel ilkelere ba\u011fl\u0131y\u0131z:<\/p>\n<p style=\"text-align: center;\">\u015eeffafl\u0131k: Her zaman a\u00e7\u0131k, d\u00fcr\u00fcst ve g\u00fcvene dayal\u0131 ili\u015fkiler kurar\u0131z.<\/p>\n<p style=\"text-align: center;\">Yenilik\u00e7ilik: De\u011fi\u015fimi f\u0131rsata d\u00f6n\u00fc\u015ft\u00fcr\u00fcr, \u00e7a\u011f\u0131n gerekliliklerine h\u0131zla uyum sa\u011flar\u0131z.<\/p>\n<p style=\"text-align: center;\">S\u00fcrd\u00fcr\u00fclebilirlik: Uzun vadeli de\u011fer yaratmay\u0131 ve toplumsal fayday\u0131 \u00f6n planda tutar\u0131z.<\/p>\n<p style=\"text-align: center;\">M\u00fc\u015fteri Odakl\u0131l\u0131k: Her m\u00fc\u015fterimizin ihtiyac\u0131na \u00f6zel \u00e7\u00f6z\u00fcmler geli\u015ftiririz.<\/p>\n<p style=\"text-align: center;\">G\u00fcven: Ba\u015far\u0131m\u0131z\u0131n temelinde kar\u015f\u0131l\u0131kl\u0131 g\u00fcven ve etik de\u011ferler yer al\u0131r.<\/p>\n<p style=\"text-align: center;\">Birlikte Ba\u015far\u0131ya&#8230;<\/p>\n<p style=\"text-align: center;\">LAL Dan\u0131\u015fmanl\u0131k olarak, i\u015fletmenizin potansiyelini ortaya \u00e7\u0131karmak ve global pazarlarda g\u00fc\u00e7l\u00fc bir yer edinmesine katk\u0131 sa\u011flamak i\u00e7in buraday\u0131z.<br \/>Bizimle ileti\u015fime ge\u00e7in, ba\u015far\u0131n\u0131z\u0131 birlikte b\u00fcy\u00fctelim.<\/p>\n<p><img decoding=\"async\" class=\"alignnone size-medium wp-image-58\" src=\"https:\/\/laldanismanlik.com\/wp-content\/uploads\/2025\/11\/cropped-DANISMANLIK-1-300x100.png\" alt=\"\" width=\"300\" height=\"100\" srcset=\"https:\/\/laldanismanlik.com\/wp-content\/uploads\/2025\/11\/cropped-DANISMANLIK-1-300x100.png 300w, https:\/\/laldanismanlik.com\/wp-content\/uploads\/2025\/11\/cropped-DANISMANLIK-1-425x141.png 425w, https:\/\/laldanismanlik.com\/wp-content\/uploads\/2025\/11\/cropped-DANISMANLIK-1.png 563w\" sizes=\"(max-width: 300px) 100vw, 300px\" \/><\/p>","protected":false},"excerpt":{"rendered":"<p>LAL \u0130HRACAT \u0130THALAT DI\u015e T\u0130CARET DANI\u015eMANLIK L\u0130M\u0130TED \u015e\u0130RKET\u0130 2018 y\u0131l\u0131nda Fatma LAL taraf\u0131ndan kurulan LAL \u0130hracat \u0130thalat D\u0131\u015f Ticaret Dan\u0131\u015fmanl\u0131k [&hellip;]<\/p>\n","protected":false},"author":1,"featured_media":0,"parent":0,"menu_order":0,"comment_status":"closed","ping_status":"closed","template":"","meta":{"site-sidebar-layout":"default","site-content-layout":"","ast-site-content-layout":"default","site-content-style":"default","site-sidebar-style":"default","ast-global-header-display":"","ast-banner-title-visibility":"","ast-main-header-display":"","ast-hfb-above-header-display":"","ast-hfb-below-header-display":"","ast-hfb-mobile-header-display":"","site-post-title":"disabled","ast-breadcrumbs-content":"","ast-featured-img":"","footer-sml-layout":"","theme-transparent-header-meta":"","adv-header-id-meta":"","stick-header-meta":"","header-above-stick-meta":"","header-main-stick-meta":"","header-below-stick-meta":"","astra-migrate-meta-layouts":"default","ast-page-background-enabled":"default","ast-page-background-meta":{"desktop":{"background-color":"var(--ast-global-color-5)","background-image":"","background-repeat":"repeat","background-position":"center center","background-size":"auto","background-attachment":"scroll","background-type":"","background-media":"","overlay-type":"","overlay-color":"","overlay-opacity":"","overlay-gradient":""},"tablet":{"background-color":"","background-image":"","background-repeat":"repeat","background-position":"center center","background-size":"auto","background-attachment":"scroll","background-type":"","background-media":"","overlay-type":"","overlay-color":"","overlay-opacity":"","overlay-gradient":""},"mobile":{"background-color":"","background-image":"","background-repeat":"repeat","background-position":"center center","background-size":"auto","background-attachment":"scroll","background-type":"","background-media":"","overlay-type":"","overlay-color":"","overlay-opacity":"","overlay-gradient":""}},"ast-content-background-meta":{"desktop":{"background-color":"var(--ast-global-color-4)","background-image":"","background-repeat":"repeat","background-position":"center center","background-size":"auto","background-attachment":"scroll","background-type":"","background-media":"","overlay-type":"","overlay-color":"","overlay-opacity":"","overlay-gradient":""},"tablet":{"background-color":"var(--ast-global-color-4)","background-image":"","background-repeat":"repeat","background-position":"center center","background-size":"auto","background-attachment":"scroll","background-type":"","background-media":"","overlay-type":"","overlay-color":"","overlay-opacity":"","overlay-gradient":""},"mobile":{"background-color":"var(--ast-global-color-4)","background-image":"","background-repeat":"repeat","background-position":"center center","background-size":"auto","background-attachment":"scroll","background-type":"","background-media":"","overlay-type":"","overlay-color":"","overlay-opacity":"","overlay-gradient":""}},"footnotes":""},"class_list":["post-111","page","type-page","status-publish","hentry"],"_links":{"self":[{"href":"https:\/\/laldanismanlik.com\/index.php?rest_route=\/wp\/v2\/pages\/111","targetHints":{"allow":["GET"]}}],"collection":[{"href":"https:\/\/laldanismanlik.com\/index.php?rest_route=\/wp\/v2\/pages"}],"about":[{"href":"https:\/\/laldanismanlik.com\/index.php?rest_route=\/wp\/v2\/types\/page"}],"author":[{"embeddable":true,"href":"https:\/\/laldanismanlik.com\/index.php?rest_route=\/wp\/v2\/users\/1"}],"replies":[{"embeddable":true,"href":"https:\/\/laldanismanlik.com\/index.php?rest_route=%2Fwp%2Fv2%2Fcomments&post=111"}],"version-history":[{"count":6,"href":"https:\/\/laldanismanlik.com\/index.php?rest_route=\/wp\/v2\/pages\/111\/revisions"}],"predecessor-version":[{"id":223,"href":"https:\/\/laldanismanlik.com\/index.php?rest_route=\/wp\/v2\/pages\/111\/revisions\/223"}],"wp:attachment":[{"href":"https:\/\/laldanismanlik.com\/index.php?rest_route=%2Fwp%2Fv2%2Fmedia&parent=111"}],"curies":[{"name":"wp","href":"https:\/\/api.w.org\/{rel}","templated":true}]}}